5 = y + 3*u. Suppose 0 = y*t + 3 - 24. Calculate the remainder when 20 is divided by t.
6
Let z = 24 + -14. Let s be (-3 - -9)*(0 - -1). Suppose -s*r - 4*v = -r - 79, 39 = r - 5*v. Calculate the remainder when r is divided by z.
9
Suppose -9 + 3 = -3*f. Suppose 0 = 13*n - 0 - 26. Calculate the remainder when f is divided by n.
0
Suppose 2*p + c + 2*c = 20, 2*p - 5*c - 20 = 0. Let o(h) = -h**3 + 7*h**2 - 3*h. Let v be 9/2*(-8)/(-6). Calculate the remainder when o(v) is divided by p.
8
Let l be 9/(-6)*2/3. Suppose 12 = -4*u, 3*u = -5*p - 0*u + 36. Calculate the remainder when l - 19/(-1) - 1 is divided by p.
8
Suppose -16*i + 231 = -153. Calculate the remainder when 42 is divided by i.
18
Suppose 3*k - 8 = -5*x, 2*k = 3*x + 22 - 4. What is the remainder when 22 is divided by k?
4
Suppose 2*g = 54 + 6. Let f be (0 - -11)/(3/(-27)). What is the remainder when g is divided by f/(-6) + (-1)/2?
14
Suppose 0*j - j + 3 = 0. Let i = j + 4. What is the remainder when 13 is divided by i?
6
Let q = 38 + -9. Suppose -l = -q + 1. Calculate the remainder when l is divided by 10.
8
Let t(k) = k**3 - k + 24. Let o be t(0). Let w = o + 7. Calculate the remainder when w is divided by 48/6 + (-6)/(-2).
9
Let l be 2/4 + (-9)/(-6). Suppose -l*x + 10 + 54 = 0. Suppose -4*u + 8 = 0, b + 2*u + 2*u = 25. What is the remainder when x is divided by b?
15
Suppose p - 19 = -3*b, -3*p - 2*b + 6*b = 8. Let v be 5*3*(1 + -2). Let h = v + 25. What is the remainder when h is divided by p?
2
Suppose 0 = 4*z - k - 57 - 10, -z - 3*k = -7. Let r be ((-12)/(-16))/(1/188). Suppose 0*m + r = 3*m. Calculate the remainder when m is divided by z.
15
Let g(s) = 5*s - 15. Calculate the remainder when 42 is divided by g(6).
12
Let b be 7*25*(3 - 2). Suppose b = 3*l - 59. What is the remainder when l is divided by 27?
24
Let c be -162*(0 + -2 - -1). Suppose -4*y + c = 3*s - 34, -2*y + 98 = -3*s. Calculate the remainder when y is divided by 26.
23
Calculate the remainder when (-1155)/(-42)*(-2)/(-1) is divided by 14.
13
Suppose -65 = -5*a - 5*d, -19 = -a - 3*d - 0*d. What is the remainder when ((-2)/3)/(12/(-522)) is divided by a?
9
Suppose -2*s + 4 = -4*a, -2 = -a + 2. What is the remainder when s is divided by (-92)/(-14) + 36/84?
3
Let u = -1 + -9. Let h = 36 + -16. Calculate the remainder when u/(-45) + (-340)/(-9) is divided by h.
18
Let o be 2/4 + 430/(-4). Let s = o - -176. What is the remainder when s is divided by 18?
15
Let a(l) = 9*l**2 + 2*l - 1. Let d = 242 - 205. What is the remainder when d is divided by a(1)?
7
Let d = -1 - 4. Suppose 3*b = -5*w + 55, 3*b = -2*b + 5*w + 105. What is the remainder when 2/5 - 288/d is divided by b?
18
Let c = -111 - -174. Suppose -22 - c = -4*r + 5*f, 0 = -4*r + 2*f + 94. Let w(l) = l**2 - 5*l + 3. Calculate the remainder when r is divided by w(6).
7
Calculate the remainder when (-64)/(-5)*(-30)/(-4) is divided by 33.
30
Let m be (-12)/(-9)*(-3)/(-2). Suppose -40 = -3*i + 5*q, 0 = 5*i - 2*i + m*q - 5. What is the remainder when i is divided by 3?
2
Suppose -1 + 3 = -z. Let t = 17 + 6. Calculate the remainder when z/(-7) + (-467)/(-7) is divided by t.
21
Suppose -3*l = 3, 3*r + l - 744 = -2*r. What is the remainder when r is divided by 38?
35
Suppose -2*b - 10 = -3*b - 5*u, u - 18 = -b. Suppose 31 = 3*j - b. What is the remainder when 32 is divided by j?
15
Let d = 3 + -1. Suppose d*t - a - 35 = -2*a, -13 = -t + 4*a. Let m(i) = i**2. What is the remainder when t is divided by m(-3)?
8
Let c(u) = u**3 - 2*u + 1. Let m be c(1). Suppose m*x - 20 = -4*x. Calculate the remainder when 95/x + (-4)/(-2) is divided by 6.
3
Let b be -3*1*(-4)/(-6). Suppose 1 + 3 = -l. What is the remainder when 5 is divided by (-5 - -11)*b/l?
2
Suppose -4*q + 54 = -2*v, -2*v - 39 = -3*q - v. What is the remainder when 46 is divided by q?
10
Suppose 2*p = -2 + 48. Calculate the remainder when 66 is divided by p.
20
Let m be ((-3)/(-4))/(1/(-4)). Let t = m + 9. Suppose 5*u - 45 = 3*y + 16, -3*u + y + 35 = 0. Calculate the remainder when u is divided by t.
5
Suppose -2*h = -4*c + 1 + 13, 18 = 4*c + 2*h. Calculate the remainder when 4 is divided by c.
0
Suppose -3*a = -5*f + 10 + 29, -2*a - 24 = -4*f. Let b = -6 - a. Suppose -4*w + 3*w = -34. What is the remainder when w is divided by b?
10
Let g be 6/4*(-240)/(-9). Suppose -2*s + 23 = 2*o + o, 4*o = -5*s + g. What is the remainder when o is divided by 2?
1
Suppose -2*r - 78 = -18. Let p = -13 - r. Calculate the remainder when 66 is divided by p.
15
Let d(w) = w**2 + w + 4. Let o be d(0). What is the remainder when 35 is divided by 5 - (o - 1) - -10?
11
Let g = 8 + 19. Let o(t) = -7*t**3 - 6*t - 7. Let z(j) = -j**3 - j**2 - j. Let x(h) = -o(h) + 6*z(h). Calculate the remainder when g is divided by x(6).
6
Suppose -2*p - 4*q + 124 = 0, -66 + 376 = 5*p - 2*q. Calculate the remainder when p is divided by 16.
14
Let m(s) = s - 1. Let c be m(5). Suppose -27 = -z + h, c*h = z - 0*h - 30. Calculate the remainder when z is divided by 9.
8
Suppose -2*a - 18 - 8 = 0. Let p = a - -41. What is the remainder when p is divided by 10?
8
Let o(q) = -3*q - 3. Suppose 1 + 18 = -3*p + 5*t, -2*p - 3*t = 0. What is the remainder when -16*p/(-10)*-5 is divided by o(-4)?
6
Suppose 0 = f - 5*s - 18 - 3, -5*s - 39 = -4*f. Let v = 68 - 45. What is the remainder when v is divided by f?
5
Suppose 2*q - 299 = -5*y - q, 4*q = 12. Calculate the remainder when -4*2/((-16)/y) is divided by 15.
14
Let n = -55 + 81. What is the remainder when n is divided by 16?
10
Suppose -2*y + y = -4. What is the remainder when 13 is divided by y?
1
Let f(p) = -7*p - 37. What is the remainder when 14 is divided by f(-6)?
4
Suppose 0 = -u + 4*b + 139, 0 = 4*u + u + 3*b - 718. Calculate the remainder when u is divided by 18.
17
Let x(z) = z**3 - 2*z**2 - 6*z + 2. Suppose h = -0*h + 4. Calculate the remainder when 38 is divided by x(h).
8
Let s = -91 + 102. Calculate the remainder when 52 is divided by s.
8
What is the remainder when (102/10)/(1/5) is divided by 12 - 0/(-2) - -1?
12
Suppose 12*i = 9*i + 6. What is the remainder when 11 is divided by i?
1
Suppose 2*l - 2 = 0, -4*z + 0*z + 242 = -2*l. Calculate the remainder when z is divided by 21.
19
Let p(n) = n**2 + 2*n - 2. Let d be p(2). Let w(r) = -r - 5. Calculate the remainder when (d/(-4))/((-9)/12) is divided by w(-7).
0
Suppose -32 - 26 = -2*n. Let h = n - 15. What is the remainder when 39 is divided by h?
11
Let i(n) = 2*n**2 + 6*n + 2. Suppose 0 = -2*f - 3*f + 85. What is the remainder when f is divided by i(-4)?
7
Suppose 4*o + 0*o - 100 = 0. Suppose a + o = 2*a. Let j = 32 + -23. What is the remainder when a is divided by j?
7
Let b = -40 + 47. What is the remainder when b is divided by 4?
3
Let d = -68 + 95. Let l(k) = 13*k**2. Calculate the remainder when l(-2) is divided by d.
25
Suppose 3*u + 47 = -19. Suppose -2*q + 3*t + 17 = 4*t, 3*q = t + 23. What is the remainder when 31 is divided by u/8*q/(-2)?
9
Suppose -3*o - 4*q = -0*q - 230, -3*o - 2*q = -238. Calculate the remainder when o is divided by 18.
10
Let x(w) = w**2 + 4*w - 4. Let j be x(-5). Let h(d) = -d - 6. Let r be h(-6). Suppose 3*u + j - 13 = r. Calculate the remainder when 6 is divided by u.
2
Let h = 162 - 317. Let a = h + 232. Suppose 3*c - a = -9*j + 4*j, c - 39 = -5*j. What is the remainder when 55 is divided by c?
17
Let f = 41 + -24. What is the remainder when 48 is divided by f?
14
Suppose 68 = -7*u + 3*u. Let h = -9 - u. Suppose -62 + 18 = -2*z. Calculate the remainder when z is divided by h.
6
Let a = 33 + -20. Let r(s) = 2*s**2 - 1. Let f be r(5). Suppose -f = -x - a. What is the remainder when x is divided by 13?
10
Suppose 2*f - 14 - 26 = 0. Calculate the remainder when f is divided by 11.
9
What is the remainder when 36 is divided by (-39)/(-9)*(-2 + 5)?
10
Suppose 2*l + 3*b + 7 = 0, l - 6*b = -4*b + 7. Let f = l + 5. Calculate the remainder when 23 is divided by f.
5
Suppose p - 6 = -p. Suppose -3*l + 2*m + 29 = 0, -5 = p*l + 5*m - 27. What is the remainder when 102/4 - 2/(-4) is divided by l?
8
Suppose 0 = -4*u, 0*u - 42 = 2*i - 2*u. Let g = 1 - i. Calculate the remainder when g is divided by 12.
10
Let r be (-3 - -2)/((-1)/27). Suppose -2*o + 79 = -r. What is the remainder when o is divided by 18?
17
Let n = 157 + -109. Suppose